+ k**2 - 12*k - 3. Let u(f) = 2*f + 37. Let x be u(-16). Let t(s) = s**3 - 6*s - 1. Let g(b) = x*t(b) - 3*d(b). What is g(-4)?
-4
Let r(o) = 6*o + 6. Let l(q) = -2*q - 2. Let s(f) = -11*l(f) - 4*r(f). Let a = -17 - -18. Let c be (-76)/(-16) + a/4. Determine s(c).
-12
Let c = 14 + 3. Let q = c - 16. Let h(u) = 2*u + 3 + q - 2. Calculate h(-2).
-2
Let c = -10 - -17. Let j(g) = 13*g**2 - 2*g + 2. Let b(w) = 2*w**2 + w - 1. Let l(x) = -6*b(x) + j(x). Calculate l(c).
1
Let o(f) be the third derivative of f**4/12 + f**3/2 + f**2. Let p(s) = 2*s**2 - 14*s + 19. Let a be p(8). Suppose -5 + a = -6*z. Calculate o(z).
-7
Let k(c) be the second derivative of c**4/12 + 2*c**3/3 - c**2/2 + 23*c. Let w(o) = 4*o**2 + o + 1. Let g be w(-2). Suppose 0 = -8*x + 3*x - g. What is k(x)?
-4
Let i(t) be the first derivative of -t**4/4 - 7*t**3/3 + 7*t**2/2 - 4*t - 90. What is i(-8)?
4
Let a(f) = 13 - 3*f**2 - 18 + 4*f - 2*f**2 + 3*f**2 + f**2. Give a(6).
-17
Let m = -1 + 1. Let i(o) = 3*o - 36. Let n be i(12). Let t(f) = n*f**3 - f + 3 + f**3 - 65*f**2 + 66*f**2. Calculate t(m).
3
Let r(y) = y**2 + 4*y + 6. Suppose 0 = -j + 41 - 17. Let g = 20 - j. Give r(g).
6
Let h be (-2)/2 + (-3)/(-1). Let n(b) = 2*b**h + b + b**2 - 2*b**2. Let c(l) = -54*l + 267. Let z be c(5). Give n(z).
6
Let p(m) be the third derivative of 0 - 12*m**2 - 1/24*m**4 + 1/60*m**5 + 1/2*m**3 + 0*m. Give p(0).
3
Let c(s) = 2*s - 2. Let g be c(3). Suppose o + 4 = 2*k, 0*k + 2*k - 4 = g*o. Suppose o - 3 = -3*m. Let r(v) = 10*v - 1. What is r(m)?
9
Let s(m) be the third derivative of 1/2*m**3 + 1/10*m**5 - 1/12*m**4 - 1/120*m**6 + 12*m**2 + 0*m + 0. Give s(4).
27
Let k = -27 + 18. Let b be (2/(-1))/(6/k). Suppose 0*d = b*d. Let o(r) = -r**3 - r**2. What is o(d)?
0
Let t = -356 - -355. Let u(z) be the second derivative of -2*z + 0 + 1/2*z**3 - 1/2*z**2. Determine u(t).
-4
Let d(b) be the third derivative of -1/24*b**4 - 1/3*b**3 + 0*b + 0 + 6*b**2. What is d(-1)?
-1
Let o(z) be the first derivative of z**3 + 19 - z - 1/2*z**2. Let g(t) = t**2 - 6*t + 2. Let n be g(6). What is o(n)?
9
Let u(g) = 161*g + 972. Let p be u(-6). Let m(z) = 2*z**2 - 11*z + 14. Determine m(p).
20
Let r(b) = 7*b - 10. Let i(z) = 5*z - 7. Let x(u) = 4*i(u) - 3*r(u). Suppose -5*a + 5*g + 7 - 2 = 0, g = 2*a - 6. What is x(a)?
-3
Let u(d) = d**3 - 10*d**2 - 10*d - 14. Suppose 3*v - 47 = 6*b - 10*b, -v = -3*b + 32. Determine u(b).
-3
Let h be 3 - (-8)/4 - 104/13. Let w(p) = -p**2 - 4*p + 4. Calculate w(h).
7
Let u(y) = -y**2 - 8*y - 1. Let x(r) = r**2 + 5*r - 6. Let s be x(-7). Suppose 80 = -s*z + 16. Calculate u(z).
-1
Let f = 11 - 7. Suppose 0 = -208*x + 206*x + 6. Let v(j) = j**x - 11 + 10 + f*j - 4*j + 2*j**2. Calculate v(-2).
-1
Suppose -2*o = -3*t + 10 - 1, 2*o = 0. Let f(r) = -r**3 - 2*r**2 - 9*r + 6. Let n(p) = 3*p**3 + 5*p**2 + 26*p - 17. Let g(x) = -17*f(x) - 6*n(x). Give g(t).
0
Let m(b) = -b + 1. Let y = -35 + 25. Let z(d) = -d - 10. Let g be z(y). Let h be g*(10/(-4) - -3). What is m(h)?
1
Suppose -2*t + t + 3 = 0. Suppose 0 = -t*u + 8 - 17. Let k(q) = q**3 + q**2 - 3*q + 1. Calculate k(u).
-8
Let q(a) = -a**3 - 9*a**2 + 8*a - 8. Suppose b + 5*h - 3*h + 2 = 0, 42 = -5*b - 2*h. Calculate q(b).
12
Suppose 5*k + 0 - 10 = 0. Let b(r) = -23 + 3*r + 23 - r**k. Give b(4).
-4
Let t(z) be the third derivative of -z**4/24 - z**3/6 - 5*z**2 + 10. Calculate t(0).
-1
Let l(q) = -q**3 - 5*q**2 + q - 3. Let a(w) = -78*w - 161. Let c be a(-2). Determine l(c).
-8
Let m(s) = s**2 + 16*s + 6. Suppose 2*q + 5*v + 9 = 0, 0 = -q - 3*v - 121 + 118. Calculate m(q).
-42
Suppose -5*v - 24 = -5*g + 6*g, g + 3*v + 14 = 0. Suppose -g = -5*r + 9. Let s(a) = -2 + 12 + 8*a - a**r - 15*a. What is s(-8)?
2
Suppose 0 = -0*o + o, -4*o = 4*c - 20. Let y be 2 + c + -2 - 5. Let r(n) = n**2 + n + 6. Give r(y).
6
Let f(i) be the first derivative of 7*i + 3/2*i**2 + 26. Determine f(-5).
-8
Let j(k) = 12 + 10 - 43 + 10 - k. Calculate j(0).
-11
Let g(h) = h**3 - 8*h**2 - 10*h - 1. Let i = 267 + -258. Calculate g(i).
-10
Let u(q) = q**3 + 9*q**2 - 4*q + 3. Let y(f) = -3*f**3 - 26*f**2 + 11*f - 9. Let i(p) = -17*u(p) - 6*y(p). Calculate i(-2).
3
Let v be 6*(-4)/(-12) + 3. Suppose 2*h = -3*y + 9, -4*y + 12 = -v*h + h. Let j(q) = q - 6. Determine j(y).
-3
Let w(g) = -9 + 8 - 2*g**2 + 3*g**2. Let h(s) = 3*s + 12. Suppose -15 = -3*t + 6*t. Let i be h(t). Give w(i).
8
Let o = 21 - 20. Suppose -o = -l + 2*d, -34 = 2*l + 3*l + 3*d. Let g(z) = -z**2 + z - 1. Calculate g(l).
-31
Let o(c) = -1 - 7*c - 3 + 2. Suppose 66 - 54 = 6*b. Give o(b).
-16
Suppose -4*d + 5 = 5*l - 9*d, -d = -3. Suppose 2*s - l*r + 15 = -1, -25 = -5*r. Let h(f) = -4*f**2 + 3*f - 3. What is h(s)?
-13
Let a(y) = -443 + 711*y + y**3 - 713*y + 4*y**2 + 439. Suppose -2*o - 4 = 2*r, 3*o + 5*r + 0 + 4 = 0. What is a(o)?
11
Let s(o) = 359*o - o**3 + 2*o**3 - 1 - 362*o + 3*o**2. Let p = -10 + 6. Give s(p).
-5
Let a(k) = 0*k**2 + k**2 - 14*k**3 + 0*k**2. Suppose 0 = -77*q + 79*q - 2. Calculate a(q).
-13
Let x(c) = -c**3 - 9*c**2 + 10*c - 1. Suppose -3*b + f - 2*f - 26 = 0, -5*b = 3*f + 38. Give x(b).
-1
Let p(f) = f**3 + 9*f**2 + 7*f - 4. Suppose -4 - 14 = -6*d. Suppose -d*v - 3*k = -4*v - 14, -5*v = -3*k + 46. What is p(v)?
4
Let c be 2 + (-3)/(-4)*4. Let s be (4/c)/((-1)/(-5)). Let f(z) = z - 3. What is f(s)?
1
Let f(b) be the second derivative of b**5/40 - 5*b**4/24 + b**3/2 + 29*b. Let j(d) be the second derivative of f(d). Determine j(4).
7
Let r(k) be the first derivative of k**3/3 + 7*k**2/2 - 11*k + 670. Calculate r(-10).
19
Suppose 2*r - 3*r = -h - 3, -h + 21 = 2*r. Let s be ((-6)/r)/(1/4). Let a(f) = 5*f + 4. Determine a(s).
-11
Let z(m) = -m**3 + 6*m**2 - 19. Let q(c) = c**3 - 5*c**2 + 22. Let v(g) = -6*q(g) - 7*z(g). What is v(12)?
1
Let g(d) = d**3 + 2*d**2 + d - 5. Let j(t) = 2*t**3 + 4*t**2 + t - 9. Let w(r) = -5*g(r) + 3*j(r). Suppose 0 = -6*v + 2377 - 2395. Give w(v).
-5
Let j = -7 - -4. Let c(h) = 16*h - 13. Let y(o) = 2 - 2 + 8 - 4 - 5*o. Let u(i) = 2*c(i) + 7*y(i). What is u(j)?
11
Let v(g) be the second derivative of g**5/20 + g**4/4 + 2*g**3/3 + g**2 + g. Let m = -12 + 18. Let n be (12/(-15))/(m/15). Give v(n).
-2
Suppose -2*r - 3*r + 12 = 2*l, -2*r - l = -5. Let n be (5 - (-105)/(-20))*28. Let w = r + n. Let v(t) = t + 2. What is v(w)?
-3
Suppose 0 = -2*r + 3*d + 9, 5*r - 4*d = -5*d - 20. Let v be 3/(0 - r/4). Let g(s) = 568 - 563 - 5*s + s - s**3 + 5*s**2. What is g(v)?
5
Let b(p) = 39*p**2 + 3*p + 3. Let u(n) = -34*n**2 - 3*n - 3. Let w(c) = 6*b(c) + 7*u(c). What is w(-3)?
-30
Let y = 10 - 13. Let p be (-48)/(-9) + 1/y. Suppose p*k + 35 = -0*k. Let r(i) = i**2 + 7*i + 3. Give r(k).
3
Let h(g) = 6*g + 4 - 1 + 1 + 1 - 4. Determine h(-1).
-5
Let k(d) = 10*d - 1. Suppose 5*q - 2*b - b - 20 = 0, 15 = -5*q - 4*b. Give k(q).
9
Suppose 4*t - 4 = -3*h + 34, 20 = 5*h - 2*t. Suppose -7*s - h = -9*s. Let m(o) be the second derivative of o**5/20 - o**4/4 - 2*o**2 + 4*o. Give m(s).
-4
Let l(p) = -2*p**3 + 6*p**2 - 3*p - 4. Suppose 4*i - 5*h = -9, -3 = -2*i + 3*h - 10. Give l(i).
-48
Let g be 13/(-52) - 34/(-8). Let z(r) = 3*r + 3*r**2 - r**2 + r + g*r**2 + r**3. Calculate z(-5).
5
Let y(c) = 3*c - 141. Let p(a) = -a + 53. Let u(z) = -8*p(z) - 3*y(z). Let l be (-1)/2 - (-17)/(-2). What is u(l)?
8
Let j(l) = -l**2 + 8*l - 3. Let x be j(8). Let m be x + 0 + 7 - -2. Let h(r) = m + 4*r**2 + 5*r - 3*r**2 - 3*r**2 + 3*r**2. What is h(-4)?
2
Let d(b) = -b**2 + 7*b - 7. Let j be d(3). Let f(p) = j*p - 4*p + 612 - 609. Calculate f(-6).
-3
Let y(q) = 54*q - 176*q + 58*q + 59*q. What is y(2)?
-10
Let u(a) be the second derivative of a**3/6 + 7*a**2 - 59*a. Determine u(-6).
8
Let u(p) = -p**2 - 6*p + 3. Let f be ((-9)/(-18))/((-4)/40). What is u(f)?
8
Let t(i) be the second derivative of i**6/48 + i**5/120 - 13*i**4/12 + 5*i. Let y(z) be the third derivative of t(z). What is y(1)?
16
Let j = -60 - -58. Let h = j + 7. Let r(g) = 3 + 4 + 5*g - g**2 - 1. Give r(h).
6
Let x(g) be the second derivative of -g**6/180 + 7*g**5/120 - g**4/4 - g**3/6 - g**2/2 + 2*g + 9. Let f(y) be the second derivative of x(y). What is f(4)?
-10
Let u(y) = y + 3. Let i(v) = -v**2 - 7*v + 3. Let b be i(-8). Give u(b).
-2
Let m(n) = n**3 - 4*n**2 + 2*n - 5. Let p = -12 - 4. Let x = -12 - p. Suppose x*d + 6 = -4*b + 18, -4*b - 20 = -4*d. W